{"id":133,"date":"2023-01-13T12:00:34","date_gmt":"2023-01-13T12:00:34","guid":{"rendered":"https:\/\/landingp-monte-turri.ms.decms.eu\/?page_id=133"},"modified":"2023-01-13T15:39:08","modified_gmt":"2023-01-13T15:39:08","slug":"chambre-tower","status":"publish","type":"page","link":"https:\/\/www.monteturri.com\/fr\/chambre-tower\/","title":{"rendered":"Chambre Tower"},"content":{"rendered":"<p>Ces spacieux chambres sont situe dans la tour, toutes dot\u00e9es de coffre-fort, climatisation, t\u00e9l\u00e9vision, t\u00e9l\u00e9phone, frigo-bar, salle de bains priv\u00e9e et s\u00e8che-cheveux.<\/p>\n<p>Elles peuvent accueillir jusqu\u2019\u00e0 4 personnes adultes.<\/p>\n<p>Les chambres se distinguent pour petits d\u00e9tails: certains ont une vue \u00e0 la mer, certains ont une patio et les autres vue sur le parc.<\/p>\n","protected":false},"excerpt":{"rendered":"<p>Ces spacieux chambres sont situe dans la tour, toutes dot\u00e9es de coffre-fort, climatisation, t\u00e9l\u00e9vision, t\u00e9l\u00e9phone, frigo-bar, salle de bains priv\u00e9e et s\u00e8che-cheveux. Elles peuvent accueillir jusqu\u2019\u00e0 4 personnes adultes. Les chambres se distinguent pour petits d\u00e9tails: certains ont une vue \u00e0 la mer, certains ont une patio et les autres vue sur le parc.<\/p>\n","protected":false},"author":7,"featured_media":0,"parent":0,"menu_order":1,"comment_status":"closed","ping_status":"closed","template":"template-single-room.php","meta":{"footnotes":""},"class_list":["post-133","page","type-page","status-publish","hentry"],"yoast_head":"<!-- This site is optimized with the Yoast SEO plugin v26.9 - https:\/\/yoast.com\/product\/yoast-seo-wordpress\/ -->\n<title>Chambre Tower &#8211; Monte Turri Arbatax &#8211;<\/title>\n<meta name=\"description\" content=\"Ces spacieux chambres sont situe dans la tour, toutes dot\u00e9es de coffre-fort, climatisation, t\u00e9l\u00e9vision, t\u00e9l\u00e9phone, frigo-bar, salle de bains priv\u00e9e et s\u00e8che-cheveux.  Elles peuvent accueillir jusqu\u2019\u00e0 4 personnes adultes.  Les chambres se distinguent pour petits d\u00e9tails: certains ont une vue \u00e0 la mer, certains ont une patio et les autres vue sur le parc..\" \/>\n<meta name=\"robots\" content=\"index, follow, max-snippet:-1, max-image-preview:large, max-video-preview:-1\" \/>\n<link rel=\"canonical\" href=\"https:\/\/www.monteturri.com\/fr\/chambre-tower\/\" \/>\n<meta property=\"og:locale\" content=\"fr_FR\" \/>\n<meta property=\"og:type\" content=\"article\" \/>\n<meta property=\"og:title\" content=\"Chambre Tower &#8211; Monte Turri Arbatax &#8211;\" \/>\n<meta property=\"og:description\" content=\"Ces spacieux chambres sont situe dans la tour, toutes dot\u00e9es de coffre-fort, climatisation, t\u00e9l\u00e9vision, t\u00e9l\u00e9phone, frigo-bar, salle de bains priv\u00e9e et s\u00e8che-cheveux.  Elles peuvent accueillir jusqu\u2019\u00e0 4 personnes adultes.  Les chambres se distinguent pour petits d\u00e9tails: certains ont une vue \u00e0 la mer, certains ont une patio et les autres vue sur le parc..\" \/>\n<meta property=\"og:url\" content=\"https:\/\/www.monteturri.com\/fr\/chambre-tower\/\" \/>\n<meta property=\"og:site_name\" content=\"Monte Turri Arbatax\" \/>\n<meta property=\"article:modified_time\" content=\"2023-01-13T15:39:08+00:00\" \/>\n<meta name=\"twitter:card\" content=\"summary_large_image\" \/>\n<meta name=\"twitter:label1\" content=\"Dur\u00e9e de lecture estim\u00e9e\" \/>\n\t<meta name=\"twitter:data1\" content=\"1 minute\" \/>\n<script type=\"application\/ld+json\" class=\"yoast-schema-graph\">{\"@context\":\"https:\/\/schema.org\",\"@graph\":[{\"@type\":\"WebPage\",\"@id\":\"https:\/\/www.monteturri.com\/fr\/chambre-tower\/\",\"url\":\"https:\/\/www.monteturri.com\/fr\/chambre-tower\/\",\"name\":\"Chambre Tower &#8211; Monte Turri Arbatax &#8211;\",\"isPartOf\":{\"@id\":\"https:\/\/www.monteturri.com\/fr\/#website\"},\"datePublished\":\"2023-01-13T12:00:34+00:00\",\"dateModified\":\"2023-01-13T15:39:08+00:00\",\"description\":\"Ces spacieux chambres sont situe dans la tour, toutes dot\u00e9es de coffre-fort, climatisation, t\u00e9l\u00e9vision, t\u00e9l\u00e9phone, frigo-bar, salle de bains priv\u00e9e et s\u00e8che-cheveux. Elles peuvent accueillir jusqu\u2019\u00e0 4 personnes adultes. Les chambres se distinguent pour petits d\u00e9tails: certains ont une vue \u00e0 la mer, certains ont une patio et les autres vue sur le parc..\",\"breadcrumb\":{\"@id\":\"https:\/\/www.monteturri.com\/fr\/chambre-tower\/#breadcrumb\"},\"inLanguage\":\"fr-FR\",\"potentialAction\":[{\"@type\":\"ReadAction\",\"target\":[\"https:\/\/www.monteturri.com\/fr\/chambre-tower\/\"]}]},{\"@type\":\"BreadcrumbList\",\"@id\":\"https:\/\/www.monteturri.com\/fr\/chambre-tower\/#breadcrumb\",\"itemListElement\":[{\"@type\":\"ListItem\",\"position\":1,\"name\":\"Home\",\"item\":\"https:\/\/www.monteturri.com\/fr\/\"},{\"@type\":\"ListItem\",\"position\":2,\"name\":\"Chambre Tower\"}]},{\"@type\":\"WebSite\",\"@id\":\"https:\/\/www.monteturri.com\/fr\/#website\",\"url\":\"https:\/\/www.monteturri.com\/fr\/\",\"name\":\"Monte Turri Arbatax\",\"description\":\"\",\"potentialAction\":[{\"@type\":\"SearchAction\",\"target\":{\"@type\":\"EntryPoint\",\"urlTemplate\":\"https:\/\/www.monteturri.com\/fr\/?s={search_term_string}\"},\"query-input\":{\"@type\":\"PropertyValueSpecification\",\"valueRequired\":true,\"valueName\":\"search_term_string\"}}],\"inLanguage\":\"fr-FR\"}]}<\/script>\n<!-- \/ Yoast SEO plugin. -->","yoast_head_json":{"title":"Chambre Tower &#8211; Monte Turri Arbatax &#8211;","description":"Ces spacieux chambres sont situe dans la tour, toutes dot\u00e9es de coffre-fort, climatisation, t\u00e9l\u00e9vision, t\u00e9l\u00e9phone, frigo-bar, salle de bains priv\u00e9e et s\u00e8che-cheveux.  Elles peuvent accueillir jusqu\u2019\u00e0 4 personnes adultes.  Les chambres se distinguent pour petits d\u00e9tails: certains ont une vue \u00e0 la mer, certains ont une patio et les autres vue sur le parc..","robots":{"index":"index","follow":"follow","max-snippet":"max-snippet:-1","max-image-preview":"max-image-preview:large","max-video-preview":"max-video-preview:-1"},"canonical":"https:\/\/www.monteturri.com\/fr\/chambre-tower\/","og_locale":"fr_FR","og_type":"article","og_title":"Chambre Tower &#8211; Monte Turri Arbatax &#8211;","og_description":"Ces spacieux chambres sont situe dans la tour, toutes dot\u00e9es de coffre-fort, climatisation, t\u00e9l\u00e9vision, t\u00e9l\u00e9phone, frigo-bar, salle de bains priv\u00e9e et s\u00e8che-cheveux.  Elles peuvent accueillir jusqu\u2019\u00e0 4 personnes adultes.  Les chambres se distinguent pour petits d\u00e9tails: certains ont une vue \u00e0 la mer, certains ont une patio et les autres vue sur le parc..","og_url":"https:\/\/www.monteturri.com\/fr\/chambre-tower\/","og_site_name":"Monte Turri Arbatax","article_modified_time":"2023-01-13T15:39:08+00:00","twitter_card":"summary_large_image","twitter_misc":{"Dur\u00e9e de lecture estim\u00e9e":"1 minute"},"schema":{"@context":"https:\/\/schema.org","@graph":[{"@type":"WebPage","@id":"https:\/\/www.monteturri.com\/fr\/chambre-tower\/","url":"https:\/\/www.monteturri.com\/fr\/chambre-tower\/","name":"Chambre Tower &#8211; Monte Turri Arbatax &#8211;","isPartOf":{"@id":"https:\/\/www.monteturri.com\/fr\/#website"},"datePublished":"2023-01-13T12:00:34+00:00","dateModified":"2023-01-13T15:39:08+00:00","description":"Ces spacieux chambres sont situe dans la tour, toutes dot\u00e9es de coffre-fort, climatisation, t\u00e9l\u00e9vision, t\u00e9l\u00e9phone, frigo-bar, salle de bains priv\u00e9e et s\u00e8che-cheveux. Elles peuvent accueillir jusqu\u2019\u00e0 4 personnes adultes. Les chambres se distinguent pour petits d\u00e9tails: certains ont une vue \u00e0 la mer, certains ont une patio et les autres vue sur le parc..","breadcrumb":{"@id":"https:\/\/www.monteturri.com\/fr\/chambre-tower\/#breadcrumb"},"inLanguage":"fr-FR","potentialAction":[{"@type":"ReadAction","target":["https:\/\/www.monteturri.com\/fr\/chambre-tower\/"]}]},{"@type":"BreadcrumbList","@id":"https:\/\/www.monteturri.com\/fr\/chambre-tower\/#breadcrumb","itemListElement":[{"@type":"ListItem","position":1,"name":"Home","item":"https:\/\/www.monteturri.com\/fr\/"},{"@type":"ListItem","position":2,"name":"Chambre Tower"}]},{"@type":"WebSite","@id":"https:\/\/www.monteturri.com\/fr\/#website","url":"https:\/\/www.monteturri.com\/fr\/","name":"Monte Turri Arbatax","description":"","potentialAction":[{"@type":"SearchAction","target":{"@type":"EntryPoint","urlTemplate":"https:\/\/www.monteturri.com\/fr\/?s={search_term_string}"},"query-input":{"@type":"PropertyValueSpecification","valueRequired":true,"valueName":"search_term_string"}}],"inLanguage":"fr-FR"}]}},"acf":[],"_links":{"self":[{"href":"https:\/\/www.monteturri.com\/fr\/wp-json\/wp\/v2\/pages\/133","targetHints":{"allow":["GET"]}}],"collection":[{"href":"https:\/\/www.monteturri.com\/fr\/wp-json\/wp\/v2\/pages"}],"about":[{"href":"https:\/\/www.monteturri.com\/fr\/wp-json\/wp\/v2\/types\/page"}],"author":[{"embeddable":true,"href":"https:\/\/www.monteturri.com\/fr\/wp-json\/wp\/v2\/users\/7"}],"replies":[{"embeddable":true,"href":"https:\/\/www.monteturri.com\/fr\/wp-json\/wp\/v2\/comments?post=133"}],"version-history":[{"count":0,"href":"https:\/\/www.monteturri.com\/fr\/wp-json\/wp\/v2\/pages\/133\/revisions"}],"wp:attachment":[{"href":"https:\/\/www.monteturri.com\/fr\/wp-json\/wp\/v2\/media?parent=133"}],"curies":[{"name":"wp","href":"https:\/\/api.w.org\/{rel}","templated":true}]}}

<p>Ces spacieux chambres sont situe dans la tour, toutes dotées de coffre-fort, climatisation, télévision, téléphone, frigo-bar, salle de bains privée et sèche-cheveux.</p>
<p>Elles peuvent accueillir jusqu’à 4 personnes adultes.</p>
<p>Les chambres se distinguent pour petits détails: certains ont une vue à la mer, certains ont une patio et les autres vue sur le parc.</p>

<p>Ces spacieux chambres sont situe dans la tour, toutes dotées de coffre-fort, climatisation, télévision, téléphone, frigo-bar, salle de bains privée et sèche-cheveux. Elles peuvent accueillir jusqu’à 4 personnes adultes. Les chambres se distinguent pour petits détails: certains ont une vue à la mer, certains ont une patio et les autres vue sur le parc.</p>

<!-- This site is optimized with the Yoast SEO plugin v26.9 - https://yoast.com/product/yoast-seo-wordpress/ -->
<title>Chambre Tower &#8211; Monte Turri Arbatax &#8211;</title>
<meta name="description" content="Ces spacieux chambres sont situe dans la tour, toutes dotées de coffre-fort, climatisation, télévision, téléphone, frigo-bar, salle de bains privée et sèche-cheveux.  Elles peuvent accueillir jusqu’à 4 personnes adultes.  Les chambres se distinguent pour petits détails: certains ont une vue à la mer, certains ont une patio et les autres vue sur le parc.." />
<meta name="robots" content="index, follow, max-snippet:-1, max-image-preview:large, max-video-preview:-1" />
<link rel="canonical" href="https://www.monteturri.com/fr/chambre-tower/" />
<meta property="og:locale" content="fr_FR" />
<meta property="og:type" content="article" />
<meta property="og:title" content="Chambre Tower &#8211; Monte Turri Arbatax &#8211;" />
<meta property="og:description" content="Ces spacieux chambres sont situe dans la tour, toutes dotées de coffre-fort, climatisation, télévision, téléphone, frigo-bar, salle de bains privée et sèche-cheveux.  Elles peuvent accueillir jusqu’à 4 personnes adultes.  Les chambres se distinguent pour petits détails: certains ont une vue à la mer, certains ont une patio et les autres vue sur le parc.." />
<meta property="og:url" content="https://www.monteturri.com/fr/chambre-tower/" />
<meta property="og:site_name" content="Monte Turri Arbatax" />
<meta property="article:modified_time" content="2023-01-13T15:39:08+00:00" />
<meta name="twitter:card" content="summary_large_image" />
<meta name="twitter:label1" content="Durée de lecture estimée" />
	<meta name="twitter:data1" content="1 minute" />
<script type="application/ld+json" class="yoast-schema-graph">{"@context":"https://schema.org","@graph":[{"@type":"WebPage","@id":"https://www.monteturri.com/fr/chambre-tower/","url":"https://www.monteturri.com/fr/chambre-tower/","name":"Chambre Tower &#8211; Monte Turri Arbatax &#8211;","isPartOf":{"@id":"https://www.monteturri.com/fr/#website"},"datePublished":"2023-01-13T12:00:34+00:00","dateModified":"2023-01-13T15:39:08+00:00","description":"Ces spacieux chambres sont situe dans la tour, toutes dotées de coffre-fort, climatisation, télévision, téléphone, frigo-bar, salle de bains privée et sèche-cheveux. Elles peuvent accueillir jusqu’à 4 personnes adultes. Les chambres se distinguent pour petits détails: certains ont une vue à la mer, certains ont une patio et les autres vue sur le parc..","breadcrumb":{"@id":"https://www.monteturri.com/fr/chambre-tower/#breadcrumb"},"inLanguage":"fr-FR","potentialAction":[{"@type":"ReadAction","target":["https://www.monteturri.com/fr/chambre-tower/"]}]},{"@type":"BreadcrumbList","@id":"https://www.monteturri.com/fr/chambre-tower/#breadcrumb","itemListElement":[{"@type":"ListItem","position":1,"name":"Home","item":"https://www.monteturri.com/fr/"},{"@type":"ListItem","position":2,"name":"Chambre Tower"}]},{"@type":"WebSite","@id":"https://www.monteturri.com/fr/#website","url":"https://www.monteturri.com/fr/","name":"Monte Turri Arbatax","description":"","potentialAction":[{"@type":"SearchAction","target":{"@type":"EntryPoint","urlTemplate":"https://www.monteturri.com/fr/?s={search_term_string}"},"query-input":{"@type":"PropertyValueSpecification","valueRequired":true,"valueName":"search_term_string"}}],"inLanguage":"fr-FR"}]}</script>
<!-- / Yoast SEO plugin. -->

Ces spacieux chambres sont situe dans la tour, toutes dotées de coffre-fort, climatisation, télévision, téléphone, frigo-bar, salle de bains privée et sèche-cheveux.  Elles peuvent accueillir jusqu’à 4 personnes adultes.  Les chambres se distinguent pour petits détails: certains ont une vue à la mer, certains ont une patio et les autres vue sur le parc..

Ces spacieux chambres sont situe dans la tour, toutes dotées de coffre-fort, climatisation, télévision, téléphone, frigo-bar, salle de bains privée et sèche-cheveux. Elles peuvent accueillir jusqu’à 4 personnes adultes. Les chambres se distinguent pour petits détails: certains ont une vue à la mer, certains ont une patio et les autres vue sur le parc..
